{"id":262,"date":"2013-10-19T18:48:02","date_gmt":"2013-10-19T15:48:02","guid":{"rendered":"http:\/\/www.c-ertac.com\/?page_id=262"},"modified":"2017-09-29T14:57:29","modified_gmt":"2017-09-29T11:57:29","slug":"korgtr-11","status":"publish","type":"page","link":"https:\/\/www.c-ertac.com\/?page_id=262","title":{"rendered":"KorgTR11-Pa900"},"content":{"rendered":"<p>KorgTR11 Pa900 i\u00e7in haz\u0131rlanm\u0131\u015f paket&#8230;<a href=\"http:\/\/www.youtube.com\/watch?v=SNTaZl26weE\">http:\/\/www.youtube.com\/watch?v=SNTaZl26weE<\/a><\/p>\n<p>&nbsp;<\/p>\n<form action=\"https:\/\/www.paypal.com\/cgi-bin\/webscr\" method=\"post\" target=\"_top\"><input name=\"cmd\" type=\"hidden\" value=\"_s-xclick\" \/><br \/>\n<input name=\"hosted_button_id\" type=\"hidden\" value=\"NS23KWXJL29D2\" \/><\/p>\n<table>\n<tbody>\n<tr>\n<td><input name=\"on0\" type=\"hidden\" value=\"Please check for shipping\" \/>Please check for shipping<\/td>\n<\/tr>\n<tr>\n<td><select name=\"os0\"><option value=\"KorgTR11\">KorgTR11 $185,00 USD<\/option><\/select><\/td>\n<\/tr>\n<\/tbody>\n<\/table>\n<p><input name=\"currency_code\" type=\"hidden\" value=\"USD\" \/><br \/>\n<input alt=\"PayPal - Online \u00f6deme yapman\u0131n daha g\u00fcvenli ve kolay yolu!\" name=\"submit\" src=\"https:\/\/www.paypalobjects.com\/tr_TR\/TR\/i\/btn\/btn_buynowCC_LG.gif\" type=\"image\" \/><br \/>\n<img decoding=\"async\" loading=\"lazy\" src=\"https:\/\/www.paypalobjects.com\/tr_TR\/i\/scr\/pixel.gif\" alt=\"\" width=\"1\" height=\"1\" border=\"0\" \/><\/p>\n<\/form>\n","protected":false},"excerpt":{"rendered":"<p>KorgTR11 Pa900 i\u00e7in haz\u0131rlanm\u0131\u015f paket&#8230;http:\/\/www.youtube.com\/watch?v=SNTaZl26weE &nbsp; Please check for shipping KorgTR11 $185,00 USD<\/p>\n","protected":false},"author":1,"featured_media":0,"parent":0,"menu_order":0,"comment_status":"open","ping_status":"open","template":"","meta":[],"_links":{"self":[{"href":"https:\/\/www.c-ertac.com\/index.php?rest_route=\/wp\/v2\/pages\/262"}],"collection":[{"href":"https:\/\/www.c-ertac.com\/index.php?rest_route=\/wp\/v2\/pages"}],"about":[{"href":"https:\/\/www.c-ertac.com\/index.php?rest_route=\/wp\/v2\/types\/page"}],"author":[{"embeddable":true,"href":"https:\/\/www.c-ertac.com\/index.php?rest_route=\/wp\/v2\/users\/1"}],"replies":[{"embeddable":true,"href":"https:\/\/www.c-ertac.com\/index.php?rest_route=%2Fwp%2Fv2%2Fcomments&post=262"}],"version-history":[{"count":7,"href":"https:\/\/www.c-ertac.com\/index.php?rest_route=\/wp\/v2\/pages\/262\/revisions"}],"predecessor-version":[{"id":470,"href":"https:\/\/www.c-ertac.com\/index.php?rest_route=\/wp\/v2\/pages\/262\/revisions\/470"}],"wp:attachment":[{"href":"https:\/\/www.c-ertac.com\/index.php?rest_route=%2Fwp%2Fv2%2Fmedia&parent=262"}],"curies":[{"name":"wp","href":"https:\/\/api.w.org\/{rel}","templated":true}]}}